3 - 10*l**2 - 11*l - 8. Determine k(-9).
10
Let y(p) = -2*p**2 - 13*p - 29. Give y(-4).
-9
Let t(a) = -3*a**2 - 12*a + 35. Determine t(-6).
-1
Let k(j) = 3*j + 66. Give k(-19).
9
Let n(b) = 15*b + 75. Calculate n(-5).
0
Let r(o) = -15*o + 40. What is r(5)?
-35
Let h(t) = -t**2 + 29*t + 21. Determine h(30).
-9
Let m(u) = -12*u + 88. Give m(7).
4
Let g(t) = t**3 - 5*t**2 + 22*t - 105. Give g(5).
5
Let a(s) = 21*s**2 + 2*s - 1. What is a(1)?
22
Let q(l) = 3*l - 32. Give q(8).
-8
Let a(t) = 4*t**2 - 31*t - 43. Calculate a(9).
2
Let v(y) = y**3 - 18*y + 3. Give v(-4).
11
Let y(l) = 6*l - 8. Give y(-6).
-44
Let b(w) = 2*w**2 - 21*w + 15. Give b(10).
5
Let x(v) = -v - 26. Determine x(0).
-26
Let p(f) = f**2 + 8*f. Calculate p(-4).
-16
Let o(m) = m - 15. Calculate o(8).
-7
Let d(j) = 2*j + 2. What is d(-3)?
-4
Let i(l) = -16*l - 14. Calculate i(-2).
18
Let c(v) = -v**3 - 37*v**2 + v + 27. What is c(-37)?
-10
Let a(q) = 2*q**2 + q - 39. What is a(-8)?
81
Let a(i) = -3*i**2 - 9*i - 13. Calculate a(-2).
-7
Let t(c) = c**2 - 20*c + 20. Give t(20).
20
Let d(j) = -6*j - 117. Give d(-20).
3
Let d(n) = 14*n**3 + 2*n**2 + n - 1. What is d(1)?
16
Let r(g) = 2*g - 14. What is r(-10)?
-34
Let i(o) = 2*o**2 - 14*o - 161. Calculate i(-7).
35
Let y(a) = a**2 - a - 17. What is y(4)?
-5
Let p(k) = 10*k + 1. What is p(2)?
21
Let q(z) = -2*z + 71. Calculate q(31).
9
Let b(r) = -r**2 - 16*r - 4. Give b(-12).
44
Let g(s) = -s - 55. Calculate g(17).
-72
Let o(d) = d - 42. Calculate o(18).
-24
Let t(z) = -21*z**3 + 2*z**2 + z. What is t(-1)?
22
Let m(d) = -2*d**2 - 7*d + 74. Calculate m(5).
-11
Let j(l) = 14*l**2. What is j(-2)?
56
Let b(p) = p + 6. What is b(-5)?
1
Let s(j) = j**3 + 11*j**2 - 11*j + 10. Give s(-12).
-2
Let n(d) = 4*d**2 - 17*d - 23. Calculate n(7).
54
Let n(c) = -5*c**3 + 1. Determine n(1).
-4
Let b(y) = y**3 - 13*y**2 + 14*y - 26. Give b(12).
-2
Let x(s) = -2*s + 8. Give x(-7).
22
Let x(p) = -p**3 - 2*p**2 + 2*p + 7. Calculate x(0).
7
Let u(p) = -4*p**2 - 5*p + 3. Calculate u(-4).
-41
Let z(d) = -d**2 + d - 7. Give z(-2).
-13
Let j(c) = -c**2 + 8*c + 12. Give j(0).
12
Let x(a) = a**3 - 4*a**2 + 4*a - 2. What is x(3)?
1
Let x(i) = -i**2. Determine x(3).
-9
Let p(s) = s**3 - 12*s**2 + 10*s + 10. Determine p(11).
-1
Let g(r) = -r**3 - 8*r**2 + 11*r + 30. Give g(-9).
12
Let n(k) = 2*k**3 - k**2 + k + 1. Give n(-1).
-3
Let q(p) = 22*p**3 + p**2 + 4*p + 3. Calculate q(-1).
-22
Let o(z) = 4*z**3 - 8*z**2. What is o(2)?
0
Let t(y) = -41*y**3 + y**2 - y + 1. What is t(1)?
-40
Let b(g) = 7*g**2 + 35*g. Calculate b(-5).
0
Let z(f) = -2*f**3 - 4*f**2 + 2*f - 5. What is z(-3)?
7
Let k(d) = 2*d + 27. Determine k(-8).
11
Let r(b) = -b**2 - 13*b + 4. What is r(-9)?
40
Let z(t) = 4*t + 18. Calculate z(-15).
-42
Let w(x) = -x**3 - 2*x**2 - 2*x - 5. Calculate w(-3).
10
Let l(t) = 4*t + 48. Determine l(-12).
0
Let y(l) = 5*l**2 + 34*l + 3. Give y(-7).
10
Let q(g) = 26*g**2. Calculate q(1).
26
Let g(i) = i**3 + 4*i**2 - i - 11. Give g(-4).
-7
Let g(f) = -9*f - 9. Give g(0).
-9
Let n(c) = -c**3 - 5*c**2 + 4*c - 2. Give n(-4).
-34
Let r(c) = -c + 11. Determine r(7).
4
Let b(x) = -4*x**3 + 3*x**2 - x - 2. What is b(2)?
-24
Let q(v) = -v**2 + 5*v + 8. Give q(9).
-28
Let v(c) = -3*c**3 - 4*c**2 + 4*c + 2. Determine v(-4).
114
Let m(q) = -q**2 + 3*q - 19. Determine m(5).
-29
Let m(d) = -d**3 + 6*d**2 + d - 1. Calculate m(6).
5
Let w(p) = p**2 + 2*p - 6. Give w(-5).
9
Let k(a) = a**3 + 9*a**2 + 11*a - 6. Calculate k(-7).
15
Let a(q) = -2*q**2 + 74*q - 78. Determine a(36).
-6
Let w(g) = g**3 - 2*g**2 - g - 7. Determine w(3).
-1
Let m(f) = f**3 - 4*f**2 + 2*f - 16. Determine m(3).
-19
Let r(v) = 3*v + 12. Give r(-5).
-3
Let d(y) = y**3 + 20*y**2 + 29*y + 7. Determine d(-18).
133
Let y(j) = 8*j - 6. Calculate y(-14).
-118
Let i(n) = -n**3 + n**2 + n - 2. Give i(2).
-4
Let p(a) = 7*a**2 - 4*a - 2. What is p(3)?
49
Let n(m) = 2*m**2 + 9*m - 1. Calculate n(-5).
4
Let o(n) = -n**2 + 2*n + 11. Give o(5).
-4
Let x(b) = 5*b - 5. Calculate x(4).
15
Let w(q) = -24*q + 198. Calculate w(10).
-42
Let o(r) = r**2 + 13*r - 26. Calculate o(-15).
4
Let g(h) = h + 21. Give g(-12).
9
Let l(p) = -p**2 - 16*p - 13. Give l(-16).
-13
Let f(i) = i**3 - 3*i**2 - 4. Calculate f(4).
12
Let v(i) = i**3 + 11*i**2 + 5*i + 4. Give v(-9).
121
Let r(j) = -j**3 - j**2 - j + 2. Calculate r(-2).
8
Let s(q) = 5*q - 9. Determine s(10).
41
Let x(a) = a + 16. Determine x(-6).
10
Let d(h) = -h - 19. Calculate d(-12).
-7
Let d(t) = 3*t**3 - 4*t**2 + 2*t + 1. What is d(2)?
13
Let d(g) = g**2 - 13*g + 7. Determine d(2).
-15
Let n(q) = 3*q - 10. Calculate n(-4).
-22
Let b(t) = -6*t**2 + t + 1. What is b(-1)?
-6
Let u(m) = m**3 + 7*m**2 + 16*m + 20. Calculate u(-4).
4
Let f(u) = -u**3 - 6*u**2 + u + 10. Calculate f(-7).
52
Let b(w) = -7*w + 102. Determine b(15).
-3
Let o(s) = 3*s + 68. Give o(-28).
-16
Let l(b) = -10*b + 85. Give l(9).
-5
Let w(x) = x - 3. Give w(-4).
-7
Let y(h) = -23*h**2 + 71*h + 1. Determine y(3).
7
Let o(u) = 9*u - 252. Calculate o(28).
0
Let u(a) = 10*a - 89. What is u(9)?
1
Let k(x) = -9*x + 49. What is k(5)?
4
Let h(v) = -v**2 - 8*v - 11. Calculate h(-4).
5
Let z(i) = -15*i - 37. Calculate z(-4).
23
Let n(c) = -c**2 + 14*c + 23. What is n(14)?
23
Let m(c) = c**3 - 6*c**2 - 9*c + 8. Determine m(6).
-46
Let z(n) = -n**3 + 8*n**2 - 9*n - 14. Calculate z(6).
4
Let g(b) = 8*b**2 - 31*b - 1. Determine g(4).
3
Let f(g) = -g**3 - 11*g**2 - 8*g + 25. Calculate f(-11).
113
Let a(j) = j + 5. What is a(-5)?
0
Let y(u) = -6*u**3 + 15*u**2 - 7*u + 11. Determine y(2).
9
Let k(i) = -i**2 - 15*i - 7. Determine k(-14).
7
Let d(n) = 12*n**2 + 2*n. Give d(-2).
44
Let d(x) = -x**2 - 3*x - 3. What is d(-3)?
-3
Let b(t) = 10*t - 142. Calculate b(14).
-2
Let p(r) = -r**3 - 3*r**2 + 7*r + 5. Give p(-4).
-7
Let d(a) = -2*a**2 + 8*a - 7. Determine d(5).
-17
Let w(o) = -3*o - 18. Determine w(-7).
3
Let n(o) = -2*o - 11. Calculate n(-6).
1
Let w(v) = v**3 - v**2 - 4. Calculate w(3).
14
Let t(z) = 2*z**3 + 11*z**2 - 5*z + 1. Give t(-6).
-5
Let o(f) = f**3 + 5*f**2 - 8*f - 7. Determine o(-6).
5
Let i(n) = -n**3 + 11*n**2 + 26*n + 18. Determine i(13).
18
Let c(r) = -r**3 - 6*r**2 + r + 2. Determine c(-5).
-28
Let b(v) = v**2 - 16*v - 3. Determine b(16).
-3
Let w(z) = -z**3 + 19*z**2 - 38*z + 9. Determine w(17).
-59
Let u(a) = -a**3 + a**2 - a - 8. Determine u(0).
-8
Let t(u) = u**3 + 9. Calculate t(0).
9
Let q(p) = -p**3 - 5*p**2 - 2*p + 6. Give q(-5).
16
Let k(n) = -71*n**3 + 2*n**2 - 4*n + 2. Give k(1).
-71
Let b(x) = x**3 + 9*x**2 - 9*x + 6. Determine b(-10).
-4
Let u(l) = -2*l**2 + 14*l - 12. Give u(10).
-72
Let f(q) = -2*q - 12. Calculate f(-7).
2
Let w(m) = 2*m**3 - 27*m**2 + 75*m - 2. Give w(4).
-6
Let d(z) = z**2 + 2*z - 21. What is d(4)?
3
Let q(a) = -6*a**2 - 67*a + 8. What is q(-11)?
19
Let p(l) = l**2 - 28*l + 73. Calculate p(23).
-42
Let b(u) = -32*u - 231. Calculate b(-7).
-7
Let a(q) = 30*q - 2. Give a(1).
28
Let q(j) = -j**2 + 2*j - 7. Calculate q(0).
-7
Let j(d) = -38*d + 1. What is j(0)?
1
Let b(q) = 2*q**2 - 6*q - 103. Give b(8).
-23
Let z(q) = q**2 - 4*q - 17. Give z(14).
123
Let y(p) = p**3 - 2*p**2 - 83*p - 9. Determine y(-8).
15
Let l(m) = m - 9. Determine l(3).
-6
Let g(w) = -w**2 - 7*w + 14. What is g(-7)?
14
Let f(d) = d**3 - 5*d**2 + d + 10. Calculate f(5).
15
Let f(g) = -g**3 + 19*g**2 - 2*g + 40. Calculate f(19).
2
Let m(j) = 4*j - 13. Give m(7).
15
Let h(n) = n**2 - 2*n - 24. What is h(0)?
-24
Let d(k) = -k**3 + 7*k**2 - 9*k + 6. Determine d(6).
-12
Let z(x) = x**3 - 8*x**2 + 8. Give z(8).
8
Let f(c) = 61*c - 326. Give f(5).
-21
Let k(r) = 2*r**3 + 33*r**2 + 16*r. Give k(-16).
0
Let o(a) = a. Determine o(1).
1
Let o(h) = -h + 1. What is o(-8)?
9
Let f(h) = h**3 + 4*h**2 - 13*h - 35. What is f(-3)?
13
Let t(o) = -o**3 - 13*o**2 - 32*o - 18. Determine t(-9).
-54
Let z(r) = r**3 + 5*r**2 - 24*r - 6. Determine z(-8).
-6
Let o(f) = 35*f - 187. What is o(5)?
-12
Let i(v) = v**3 - 4*v**2 - 4*v + 9. Give i(5).
14
Let w(m) = m - 1. Calculate w(-7).
-8
Let j(g) = 16*g + 12. Calculate j(4).
76
Let m(p) = p**3 - 17*p**2 + 62*p - 19. Determine m(12).
5
Let k(w) = 6*w**2 - 240*w + 5. Calculate k(40).
5
Let i(r) = -r**2 + 10*r - 4. Give i(10).
-4
Let u(s) = 6*s**2 - 15*s - 3. Calculate u(0).
-3
Let g(q) = q**2 + 30*q